 - 3*d**2. Determine j(t).
-16
Suppose 0 = -14*j + 16*j - 4. Suppose 0 = m - 4*g + 4 + 4, -j*g + 10 = m. Let h(o) = 0*o**2 + 4*o - m - 2*o - 3*o**2. What is h(3)?
-25
Suppose -z = -0*q + 2*q - 23, 5*q = 3*z - 14. Let a(u) = 2*u**3 - 26*u**2 - 3*u + 32. What is a(z)?
-7
Let j = -729 + 747. Let o(c) be the first derivative of -j - 3/2*c**2 - 5*c. Give o(-4).
7
Let r(v) = v**3 + 2*v**2 - 2*v. Let q be r(-2). Let x = -8 + q. Let s(z) = -133*z - 1. Let g(j) = -372*j - 2. Let d(t) = -5*g(t) + 14*s(t). What is d(x)?
4
Let w(p) = -p - 1. Let d be w(1). Let y(s) = 12*s**3 + 0*s + 13*s - 14*s - 11*s**3. Calculate y(d).
-6
Let f(m) = -10*m - 3. Suppose 2*l + 140 = j, 317 = 4*j + 4*l - 267. Let u = -146 + j. Determine f(u).
17
Let k(x) = 10*x**2 + 5*x**2 + 4 - 11*x**2 - x**3 + 0*x**3 + 7. Let y be k(5). Let a(u) = u + 1. Calculate a(y).
-13
Suppose 8 = -a + 3*y, 13*y + 24 = 2*a + 17*y. Let f(k) = -3*k - 10. Let g(m) = -m - 1. Suppose t + 3 = -2*t. Let s(o) = a*g(o) + t*f(o). Calculate s(5).
1
Let f be ((-4)/(-2) - 4) + -1. Let n(y) be the third derivative of 0*y - 145*y**2 - 1/24*y**4 + 0 - 1/2*y**3. What is n(f)?
0
Let o(l) be the third derivative of -l**4/12 - 5*l**3/6 + 4*l**2. Let r be o(-4). Let j(s) be the second derivative of 5*s**3/6 + s**2/2 + 754*s. Give j(r).
16
Let c be (-4)/22 - (-29)/((-319)/108). Let f(l) be the second derivative of -l**5/20 - 3*l**4/4 + 5*l**3/3 + 3*l**2 + 20*l. Determine f(c).
6
Let z be -15*(-20)/48 + -6. Let t(j) be the first derivative of -z*j**4 + 2*j - 4 - j**2 - 4/3*j**3. What is t(-3)?
-1
Let y(d) = -d**3 - 3*d**2 + 5*d + 5. Let q be y(-5). Let p = 30 - q. Let o(n) = p*n + 2*n - 1 - 3 + n**2 + 3*n. What is o(-5)?
-4
Let k(y) = 105*y + 107*y - 219*y + 7. Give k(7).
-42
Let v(h) = 27563 - 55130 - 81*h + 27564 - 118*h + 58*h. Calculate v(1).
-144
Suppose -4*i = -6*i + 10. Suppose -4*l - i*h = 5 + 18, 3*l = h - 22. Let q(y) = -y**2 - 5*y - 5. Determine q(l).
-19
Suppose -4*a - 52 = 2*k - 86, 2*k = -3*a + 28. Let f(o) = -o**3 + 3*o**2 + 15*o - 3. Determine f(k).
22
Let k be -14 + (12/2 - 0 - (13 - 9)). Let f(y) = y**3 + 11*y**2 - 9*y + 30. Give f(k).
-6
Let q(n) = -13*n + 54. Let w be q(5). Let h be ((572/(-16))/w)/((-1)/(-4)). Let v(p) = -p**2 + 14*p - 18. Determine v(h).
-5
Suppose 225 = 4*m - m. Let b = m - 76. Let j(i) = -8*i**3 - 1. Calculate j(b).
7
Let p be (3/3)/(4/12). Let i(j) be the second derivative of -1/12*j**4 + 0*j**p - j**2 + 28*j + 0. What is i(0)?
-2
Let a(d) = 4*d - 5*d + 20*d**2 - 6 - 10*d**2 - 9*d**2. Suppose 0 = 3*u + u + 80. Let t = -20 - u. What is a(t)?
-6
Let g = 16387 - 16392. Let y(h) = -h**3 - 6*h**2 - 8*h - 39. What is y(g)?
-24
Suppose x + 2*y - 5 = -2*y, -20 = -2*x + 2*y. Let m be (x/(-12))/(1/(-12)). Let n be m - (-5 - 18/(-3)). Let k(r) = r**2 - 6*r - 10. What is k(n)?
6
Let g(m) = 11*m**3 + 4*m**2 - 19*m. Let p(o) = -2*o**3 - o**2 + 3*o. Let i(y) = g(y) + 5*p(y). Give i(2).
-4
Suppose 217*z - 244*z - 54 = 0. Let x(s) be the second derivative of -s**3/3 + s. Calculate x(z).
4
Let s be 11/((-660)/45)*(-40)/6. Let d(r) = -r**3 + 6*r**2 + 2*r. What is d(s)?
35
Let s(v) = -10*v**2 + 10*v + 9. Let n(f) = -9*f**2 + 8*f + 8. Let m(h) = -5*n(h) + 4*s(h). Determine m(3).
41
Let f(d) be the second derivative of d**5/20 + d**4 - 13*d**3/6 - 15*d**2/2 - 1124*d + 2. Determine f(-13).
-15
Let m = 13 - 6. Let s(g) = 9*g**3 - 11*g**2 + 10*g + 3. Let x(o) = -20*o**3 + 23*o**2 - 22*o - 7. Let h(q) = -9*s(q) - 4*x(q). Determine h(m).
-13
Let h(b) = -b**2 - 8*b + 12. Let v be h(-9). Suppose -4*x + 59 = -v*p, 2*p + 0*x = -2*x - 58. Let l = -24 - p. Let q(u) = -6*u**3 - u**2. What is q(l)?
-7
Let y(h) = -5 - 26 + 2*h + 29. Determine y(0).
-2
Let d(j) = 11*j**3 + 17*j**2 - 11*j - 8. Let s(w) = 20*w**3 + 34*w**2 - 20*w - 16. Let t(f) = 11*d(f) - 6*s(f). What is t(17)?
-9
Let r(k) = -k**3 - 7*k**2 + 75*k + 173. Let s be r(-2). Let n(c) = 6*c - 2. What is n(s)?
16
Let y be ((-6)/(-7))/(3/14). Let d be 24/16 - 2/(-4). Let g(b) = 1 + 3*b**2 + 3*b - 14*b + 6*b - d*b**2. Give g(y).
-3
Let g be (4/7)/((-8)/(-28)). Let h(v) = -26*v - g - 17*v + 33*v. Calculate h(-2).
18
Suppose s = -g + 15, -4*g = 4649*s - 4650*s + 20. Suppose 0*u + 2*u = 10, -4*h + u = -7. Let f(v) = v + 5*v**3 + v**2 + 3*v**3 + 0*v**h. Calculate f(g).
-8
Let h(c) = -3 - c + 2 - c**2 - 3*c. Suppose 0*y - 162 = 5*y + 22*y. Give h(y).
-13
Let j be (6/(-9))/(38/(-171)). Let d(u) = u**2 - 2*u + 3. Give d(j).
6
Let n(h) = -2*h**3 + 3*h**2 - 10*h + 2. Let r = -19128 - -19132. Determine n(r).
-118
Suppose -3*m + 461 = 4*m + 503. Let k(z) = -z**2 - 15*z - 16. Determine k(m).
38
Let c(y) = y. Let g be 2/(8 + -2) - 206/(-3). Suppose -2*b = 3*l - 79, -g + 18 = -2*l - 3*b. Suppose -19 = 4*t + 3*k, -5*t + 2 - l = 4*k. What is c(t)?
-1
Let v be (56/(-20) - -4)*(-10)/(-16)*4. Let x(g) be the second derivative of 0 - 1/12*g**4 + 7/6*g**v + 3/2*g**2 - 9*g. Give x(6).
9
Let f(m) = -5*m - 121. Let j be f(-25). Let t(p) = 2*p**2 - 9*p + 5. Let z(u) = -2*u**2 + 7*u - 4. Let d(n) = j*z(n) + 3*t(n). Calculate d(1).
-2
Suppose -5*u - 5 = -9*d + 5*d, 5*u + 3*d = -5. Let a(n) = 17*n**2 + 3*n + 1. What is a(u)?
15
Let x be 41 - 272 - (-4 + -2 + 3). Let r = x + 230. Let t(q) = -8*q**2 + 3*q - 2. Calculate t(r).
-28
Let p = -2 - -10. Let r(j) = -3*j + 12 - 19 + j + p. Calculate r(-2).
5
Let u(v) = -5*v + 3. Let x be u(16). Let j = 74 + x. Let g(k) be the first derivative of 2*k**3/3 - k**2/2 - 4*k - 4. Determine g(j).
17
Let x(n) = -1. Let v(y) = -9 - 1 + 6 - 1. Let z(r) = -v(r) + 6*x(r). Let q(j) = -j - 6. Let u(c) = 2*q(c) - 4*z(c). What is u(-7)?
6
Suppose -1469 = 27*d - 1523. Let s(f) be the first derivative of -f**3/3 + 3*f**2/2 - 2*f + 2. What is s(d)?
0
Let a(r) = -r**3 + r**2 - 5. Let g = 43 - 89. Let c be g/14 - 6/(-21). Let l be 3 - 2 - (1 - 3 - c). Determine a(l).
-5
Let d(v) = -v**3 + 8*v**2 - 6*v + 6. Let c be -3 + 8 - 4 - 10. Let g(a) = -6*a - 47. Let z be g(c). What is d(z)?
13
Let g(y) = y - 10. Let l(h) = 3*h - 31. Let j(q) = 7*g(q) - 2*l(q). Suppose 0 = 3449*f - 3836 - 6511. What is j(f)?
-5
Let u(b) = -b**2 - 10*b - 13. Let z(j) = j**2 + 16*j - 26. Let l be z(-17). Let a be u(l). Let t(v) = 2*v**2 + v - 2. What is t(a)?
26
Let u(c) = -c**2 + 8*c + 7. Let q be (-3 + 9/5)*120 - 0. Let w = q - -153. Determine u(w).
-2
Suppose -418 = p + 5*y, 5*p = p - y - 1710. Let v = p + 422. Let b(x) be the second derivative of x**4/12 + 4*x**3/3 + 9*x**2/2 + x. Determine b(v).
-3
Let m(v) = 4*v + 0*v - 3*v + 22. Let y be (8/20)/((-6)/240). Calculate m(y).
6
Let i(d) = d**3 - 11*d**2 + 20*d - 4. Let a = 42815 - 42808. Give i(a).
-60
Let q(c) = -170*c**3 - 175*c**3 - 3*c + 24*c**2 + 344*c**3 - 5 - 26*c**2. Calculate q(-2).
1
Let d(u) = -24*u + 1. Let f(p) = 9*p**2 - p + 2. Let l be f(1). Suppose -l = -2*o - 3*o. Suppose -5 = -4*v + t, -4*v = 2*t - 4 + o. Give d(v).
-23
Let n = 12 - 2. Let u be 1 + (-2)/4 - 1/(8/(-20)). Let l(w) = -n*w + w + u*w. What is l(1)?
-6
Let k(b) = 6*b**2 - 9*b - 3. Let p be k(2). Let c(v) = 4 - 1 - 5 + 5*v - p*v - 15. Determine c(13).
9
Let c(y) be the first derivative of -2*y**3/3 - y**2/2 + 80*y + 1763. Determine c(0).
80
Let y(p) = 15*p**3 + 7*p**2 - 3*p - 15. Let s(j) = -28*j**3 - 12*j**2 + 5*j + 27. Let r(l) = 6*s(l) + 11*y(l). Give r(2).
-13
Let k(s) = 2 - 3*s - s**2 - 3 - s**2. Suppose 416*d - 215*d - 96 = 233*d. What is k(d)?
-10
Let g(h) = 5*h - 111. Let z(f) = 6*f - 149. Let x(a) = 4*g(a) - 3*z(a). Let u be 2 - (-4 + 1 + 3). Let d be ((-5)/u - 1)*2. Give x(d).
-11
Let n(k) = 2*k + 63. Let a(h) = h**2 + 3*h + 1. Let b(i) = a(i) - n(i). Calculate b(-8).
-6
Let l(w) be the first derivative of -3*w**4 + 335. Suppose n + 1 = -6*u + 3*u, u = -1. Let b be (n/(-4))/((-1)/2). What is l(b)?
-12
Let i(y) = 54*y - 105. Let g(t) = 25*t - 48. Let v(p) = 13*g(p) - 6*i(p). Let x be 140/18 - 18/(-81). What is v(x)?
14
Let s(h) = -23*h**2 - 71*h + 287. Let y(c) = -5*c**2 - 18*c + 71. Let b(n) = -2*s(n) + 9*y(n). Determine b(14).
-19
Let k(l) = -2*l + 8. Suppose 8*s - 1440 = -s. Suppose -36*y + s = -20*y. Determine k(y).
-12
Let d(s) = -s**2 - 22*s - 98. Suppose -4*q + 2*m - 73 = q, -5*q + m = 74. Give d(q).
7
Let p(d) = -53*d - 42*d + 11 - d**2 + 88*d. Let g = -357 + 349. Give p(g).
3
Let m be 0*(2 + (-2 - 1)). Let w(n) = n - 11. Let z(s) = -s + 10. Let 